of 41098541.
11, 3736231
List the prime factors of 1040042255.
5, 7, 953, 31181
What are the prime factors of 13661787?
3, 4553929
List the prime factors of 262981838.
2, 7, 18784417
What are the prime factors of 31894073?
31894073
List the prime factors of 747311282.
2, 257, 1453913
List the prime factors of 2842912021.
29, 5417, 18097
What are the prime factors of 307643421?
3, 19, 251, 21503
List the prime factors of 16352137.
16352137
List the prime factors of 143505040.
2, 5, 7, 109, 2351
List the prime factors of 1287567671.
13, 31, 103, 31019
List the prime factors of 359891106.
2, 3, 59981851
What are the prime factors of 99695809?
53, 1093, 1721
List the prime factors of 5521828745.
5, 1104365749
List the prime factors of 173517609.
3, 1171, 49393
What are the prime factors of 272912195?
5, 41, 1331279
What are the prime factors of 4228211?
13, 127, 197
What are the prime factors of 39556954?
2, 1231, 16067
What are the prime factors of 1344105301?
7, 11, 17455913
List the prime factors of 97750895.
5, 11, 1777289
List the prime factors of 122699035.
5, 24539807
What are the prime factors of 143104287?
3, 47701429
List the prime factors of 479506075.
5, 19180243
List the prime factors of 502109058.
2, 3, 11, 2069, 3677
What are the prime factors of 55066302?
2, 3, 29, 105491
List the prime factors of 1884357632.
2, 83, 22171
What are the prime factors of 27441672?
2, 3, 17, 103, 653
What are the prime factors of 450629817?
3, 11, 197, 69317
What are the prime factors of 113127999?
3, 37709333
What are the prime factors of 3491923235?
5, 31, 233, 3119
List the prime factors of 1435935503.
1435935503
What are the prime factors of 147254649?
3, 1381, 35543
List the prime factors of 113435557.
193, 587749
List the prime factors of 6299632728.
2, 3, 37, 2364727
What are the prime factors of 1830047393?
1830047393
What are the prime factors of 59763751?
29, 149, 13831
List the prime factors of 3016180671.
3, 7, 2791, 51461
What are the prime factors of 289721005?
5, 7, 197, 42019
What are the prime factors of 387161134?
2, 7057, 27431
What are the prime factors of 223093035?
3, 5, 11, 50077
List the prime factors of 1598509041.
3, 4663, 114269
What are the prime factors of 29224578?
2, 3, 4870763
What are the prime factors of 36847389?
3, 47, 261329
List the prime factors of 68479532.
2, 11, 271, 5743
What are the prime factors of 3171655352?
2, 396456919
What are the prime factors of 219084003?
3, 19, 1281193
List the prime factors of 66198318.
2, 3, 19, 580687
List the prime factors of 269885497.
7, 283, 136237
What are the prime factors of 1669858069?
11, 151805279
List the prime factors of 606699506.
2, 7, 349, 124171
List the prime factors of 6654120.
2, 3, 5, 11, 71
What are the prime factors of 179010611?
13, 227, 60661
What are the prime factors of 29823716?
2, 13, 29, 19777
What are the prime factors of 3337964613?
3, 179, 690661
What are the prime factors of 6488555822?
2, 7, 19, 79, 308773
List the prime factors of 1782065858.
2, 891032929
What are the prime factors of 84135394?
2, 7, 1109, 5419
List the prime factors of 715241123.
29, 24663487
List the prime factors of 577756008.
2, 3, 67, 229, 523
List the prime factors of 1133690036.
2, 673, 421133
What are the prime factors of 45762433?
23, 1989671
List the prime factors of 814001922.
2, 3, 17, 2660137
List the prime factors of 19721734.
2, 17, 19, 30529
List the prime factors of 138965775.
3, 5, 13, 142529
What are the prime factors of 193730650?
2, 5, 19, 10733
List the prime factors of 760632431.
13, 229, 255503
List the prime factors of 979145778.
2, 3, 13, 74279
List the prime factors of 2013612591.
3, 3343, 200779
List the prime factors of 931505214.
2, 3, 155250869
What are the prime factors of 95866444?
2, 23966611
List the prime factors of 45427600.
2, 5, 337
What are the prime factors of 2211109171?
137, 16139483
List the prime factors of 250080251.
17, 14710603
List the prime factors of 104116983.
3, 34705661
List the prime factors of 22574229.
3, 241, 31223
List the prime factors of 62063616.
2, 3, 89, 227
List the prime factors of 48773305.
5, 7, 1393523
What are the prime factors of 3213147?
3, 7, 19, 8053
List the prime factors of 311260714.
2, 155630357
List the prime factors of 25029526.
2, 43, 291041
What are the prime factors of 3029559000?
2, 3, 5, 13, 77681
List the prime factors of 949584741.
3, 7, 45218321
List the prime factors of 14008632.
2, 3, 11, 47, 1129
What are the prime factors of 2593637735?
5, 13, 107, 372917
What are the prime factors of 373060556?
2, 11, 67, 126547
What are the prime factors of 6713135267?
29, 231487423
List the prime factors of 8173456.
2, 409, 1249
List the prime factors of 8058280810.
2, 5, 127, 373, 17011
What are the prime factors of 3644726266?
2, 233, 7821301
List the prime factors of 1352340751.
19, 601, 118429
What are the prime factors of 913664641?
1409, 648449
What are the prime factors of 891111329?
891111329
What are the prime factors of 51067885?
5, 11, 53, 17519
What are the prime factors of 17569848?
2, 3, 732077
What are the prime factors of 70811744?
2, 107, 20681
What are the prime factors of 2218376?
2, 277297
List the prime factors of 15585111.
3, 19, 91141
List the prime factors of 124317558.
2, 3, 37, 43, 1447
List the prime factors of 94279180.
2, 5, 47, 100297
List the prime factors of 37106957.
37106957
List the prime factors of 210438942.
2, 3, 7, 5010451
What are the prime factors of 5577323?
499, 11177
What are the prime factors of 330450132?
2, 3, 27537511
List the prime factors of 14555395.
5, 2911079
What are the prime factors of 49695986?
2, 211, 117763
List the prime factors of 80553974.
2, 1621, 24847
List the prime factors of 1971087267.
3, 4219, 155731
List the prime factors of 154899622.
2, 31, 2498381
List the prime factors of 182394460.
2, 5, 37, 103, 2393
List the prime factors of 2357979589.
7, 29, 11615663
List the prime factors of 4707275.
5, 188291
What are the prime factors of 109259678?
2, 11, 47, 105667
What are the prime factors of 2610192758?
2, 41, 31831619
List the prime factors of 61818396.
2, 3, 5151533
List the prime factors of 6343096282.
2, 29, 79, 1384351
List the prime factors of 73551998.
2, 13, 2828923
List the prime factors of 2912926026.
2, 3, 1289, 376639
What are the prime factors of 968898528?
2, 3, 13, 258787
What are the prime factors of 1007944074?
2, 3, 773, 2683
What are the prime factors of 1182920613?
3, 7, 23, 181, 1933
What are the prime factors of 236820903?
3, 11, 23, 509, 613
List the prime factors of 126979377.
3, 7, 359, 16843
What are the prime factors of 26760834?
2, 3, 495571
List the prime factors of 1481625927.
3, 164625103
List the prime factors of 740165948.
2, 41, 61, 241, 307
List the prime factors of 21658116.
2, 3, 769, 2347
What are the prime factors of 3110037422?
2, 547, 2842813
List the prime factors of 14569319.
14569319
What are the prime factors of 1669014291?
3, 7, 283, 280837
What are the prime factors of 7448722?
2, 19, 211, 929
What are the prime factors of 269615684?
2, 13, 71, 103, 709
List the prime factors of 3142690635.
3, 5, 7, 17, 941, 1871
List the prime factors of 6453135309.
3, 3833, 561191
What are the prime factors of 194376565?
5, 23, 1690231
List the prime factors of 2131132787.
7, 311, 978931
What are the prime factors of 39735850?
2, 5, 7, 11, 10321
What are the prime factors of 654943030?
2, 5, 7, 97, 96457
List the prime factors of 251530176.
2, 3, 1310053
List the prime factors of 155786009.
61, 2553869
List the prime factors of 23124688.
2, 421, 3433
List the prime factors of 227324681.
149, 1525669
What are the prime factors of 2953856?
2, 47, 491
List the prime factors of 4068042.
2, 3, 11, 61637
List the prime factors of 1303820057.
1303820057
List the prime factors of 614074137.
3, 204691379
List the prime factors of 43944949.
17, 31, 61, 1367
List the prime factors of 6974723177.
103, 67715759
What are the prime factors of 48317185?
5, 7, 53, 61
What are the prime factors of 31890819?
3, 179, 59387
What are the prime factors of 349873696?
2, 101, 103, 1051
What are the prime factors of 43386787?
277, 156631
What are the prime factors of 268018710?
2, 3, 5, 59, 151423
List the prime factors of 